or of 31512 and 909.
303
What is the highest common divisor of 286 and 242671?
143
Calculate the highest common divisor of 15533210 and 1540.
770
What is the highest common divisor of 110377 and 46?
23
What is the highest common factor of 166910 and 10?
10
Calculate the highest common divisor of 1496 and 280896.
88
Calculate the greatest common divisor of 164472 and 112.
56
What is the greatest common divisor of 27 and 13473?
27
Calculate the greatest common divisor of 154 and 8019.
11
Calculate the highest common factor of 260724 and 36.
12
Calculate the highest common factor of 445 and 2355.
5
Calculate the highest common divisor of 3040912 and 608.
304
What is the greatest common divisor of 72587 and 87?
29
Calculate the greatest common divisor of 329 and 19117.
7
Calculate the highest common factor of 20435 and 46055.
305
Calculate the greatest common divisor of 976 and 941352.
488
Calculate the greatest common divisor of 160 and 168928.
32
Calculate the greatest common divisor of 5989 and 104525.
113
What is the highest common divisor of 6480 and 186462?
162
What is the greatest common divisor of 179192 and 96?
8
Calculate the greatest common divisor of 3076852 and 436.
436
Calculate the greatest common factor of 3247 and 4539.
17
Calculate the highest common factor of 4912 and 928.
16
What is the greatest common divisor of 45488 and 12?
4
Calculate the highest common divisor of 638939 and 582.
97
Calculate the highest common factor of 1676747 and 436.
109
Calculate the highest common divisor of 7638 and 62913.
201
Calculate the greatest common divisor of 2822 and 313657.
83
What is the greatest common factor of 11408 and 4048?
368
Calculate the highest common divisor of 1952 and 13298.
122
Calculate the greatest common divisor of 285 and 1174200.
285
What is the highest common factor of 1128 and 456?
24
What is the greatest common divisor of 2 and 3167?
1
Calculate the greatest common factor of 1363 and 144149.
47
Calculate the highest common factor of 137263 and 28.
7
What is the greatest common factor of 364888 and 40?
8
Calculate the greatest common divisor of 12742 and 1150.
46
Calculate the greatest common factor of 870 and 1065.
15
Calculate the greatest common divisor of 46805 and 122705.
1265
What is the greatest common factor of 65516 and 242?
22
What is the greatest common factor of 1846 and 34?
2
What is the greatest common factor of 985 and 115?
5
What is the greatest common divisor of 41656 and 3280?
328
What is the greatest common factor of 4620 and 7084?
308
Calculate the highest common factor of 3800 and 513.
19
Calculate the greatest common divisor of 8 and 12916.
4
What is the highest common divisor of 52437 and 1362?
681
What is the highest common divisor of 999 and 108447?
111
What is the greatest common factor of 105669 and 6?
3
Calculate the highest common factor of 281389 and 235.
47
Calculate the highest common factor of 130 and 6526.
26
Calculate the highest common factor of 204020 and 180.
20
Calculate the highest common factor of 2149 and 83197.
307
What is the highest common factor of 62 and 1018071?
31
What is the highest common divisor of 1993794 and 6?
6
Calculate the greatest common factor of 36 and 13308.
12
Calculate the highest common divisor of 180 and 68.
4
Calculate the greatest common divisor of 24 and 207528.
24
What is the greatest common factor of 123600 and 24?
24
Calculate the highest common divisor of 108 and 888948.
108
Calculate the highest common factor of 8776 and 8.
8
Calculate the greatest common divisor of 927 and 69319.
103
Calculate the greatest common factor of 63551 and 412.
103
What is the greatest common divisor of 313685 and 15?
5
What is the highest common divisor of 1044 and 2702220?
348
Calculate the highest common factor of 39570 and 240.
30
Calculate the highest common divisor of 648 and 1800.
72
What is the highest common factor of 376675 and 299?
13
What is the highest common factor of 78 and 2382?
6
What is the highest common factor of 4208078 and 238?
238
Calculate the greatest common factor of 555 and 475080.
555
What is the highest common factor of 227262 and 1701?
21
Calculate the highest common factor of 150 and 65475.
75
What is the highest common divisor of 873 and 5256?
9
Calculate the greatest common factor of 1485 and 993330.
135
What is the highest common factor of 3182 and 12913?
37
Calculate the greatest common divisor of 3 and 195863.
1
What is the greatest common factor of 6588 and 2556?
36
Calculate the greatest common divisor of 1680 and 828870.
210
Calculate the greatest common divisor of 469522 and 69.
23
What is the highest common factor of 8816 and 452371?
551
Calculate the highest common divisor of 405 and 54435.
15
What is the greatest common divisor of 9 and 726?
3
Calculate the greatest common factor of 15176 and 1056629.
1897
What is the highest common divisor of 4070 and 286?
22
Calculate the highest common divisor of 2923 and 703.
37
Calculate the greatest common divisor of 149672 and 353.
353
What is the greatest common divisor of 18471 and 282?
141
Calculate the greatest common factor of 76737 and 75.
3
Calculate the greatest common divisor of 845 and 12935.
65
Calculate the highest common factor of 238 and 918.
34
Calculate the greatest common divisor of 9113 and 51173.
701
Calculate the highest common divisor of 16 and 14312.
8
Calculate the highest common divisor of 16686 and 596061.
927
Calculate the greatest common divisor of 176 and 5832.
8
Calculate the greatest common divisor of 116 and 1690961.
29
What is the highest common factor of 3696480 and 80?
80
What is the greatest common divisor of 256 and 130496?
64
Calculate the greatest common factor of 744 and 1920.
24
Calculate the greatest common factor of 898980 and 120.
60
What is the greatest common factor of 7968 and 1408?
32
What is the highest common factor of 304 and 121448?
152
Calculate the highest common factor of 51 and 330820.
17
Calculate the highest common divisor of 207324 and 2340.
468
What is the greatest common factor of 3080 and 10136?
56
Calculate the greatest common factor of 828 and 248124.
276
Calculate the greatest common divisor of 1463974 and 214.
214
What is the highest common divisor of 777037 and 74?
37
What is the greatest common factor of 66444 and 11300?
452
What is the greatest common factor of 544 and 363120?
272
Calculate the highest common factor of 690 and 238671.
69
What is the greatest common factor of 526567 and 18039?
859
Calculate the greatest common divisor of 119 and 2093.
7
Calculate the highest common divisor of 183699 and 27.
9
What is the greatest common factor of 658 and 17014?
94
What is the highest common factor of 186 and 4?
2
What is the highest common divisor of 923055 and 59?
59
What is the greatest common divisor of 390 and 531375?
195
What is the highest common factor of 14648 and 64?
8
Calculate the greatest common divisor of 1060219 and 7011.
779
Calculate the greatest common divisor of 51 and 3917191.
17
What is the highest common factor of 109044 and 2860?
52
What is the highest common factor of 341 and 17292?
11
What is the highest common factor of 956 and 74?
2
What is the highest common factor of 122 and 2821006?
122
Calculate the greatest common factor of 26663 and 34580.
91
Calculate the greatest common divisor of 37906 and 66.
22
What is the greatest common divisor of 654 and 1300370?
218
What is the highest common factor of 17 and 17636905?
17
Calculate the highest common factor of 140494 and 706.
706
What is the highest common factor of 31068 and 324?
36
What is the greatest common divisor of 2 and 15808?
2
Calculate the greatest common factor of 171904 and 68.
68
What is the highest common divisor of 3276980 and 526?
526
Calculate the highest common divisor of 144248 and 5434.
494
Calculate the greatest common divisor of 1929865 and 735.
245
Calculate the greatest common divisor of 25636 and 43316.
884
What is the greatest common factor of 42254 and 219264?
1142
Calculate the greatest common divisor of 1353 and 3102.
33
Calculate the greatest common factor of 4082 and 5338.
314
Calculate the highest common divisor of 5946 and 606.
6
Calculate the greatest common divisor of 7955 and 9890.
215
What is the greatest